se
Is 9912413971 composite?
True
Is 21574631407 prime?
False
Is 53677028211 composite?
True
Is 4473450379 prime?
False
Is 1399078519 a composite number?
True
Is 1726166605 composite?
True
Is 495898451 a prime number?
True
Is 8642390703 composite?
True
Is 179304791 a composite number?
True
Is 1962592277 composite?
True
Is 2030459929 prime?
False
Is 15717297109 prime?
True
Is 9131472367 a composite number?
False
Is 684787573 composite?
True
Is 764143631 composite?
False
Is 4069675459 a composite number?
False
Is 13572594223 a prime number?
False
Is 94107979367 a prime number?
False
Is 63331333237 a composite number?
False
Is 1368975401 composite?
False
Is 348081043 a prime number?
True
Is 43604641991 a composite number?
True
Is 95525252443 a prime number?
False
Is 1494249067 a composite number?
False
Is 910397263 composite?
False
Is 392461649 prime?
False
Is 6351993773 a prime number?
False
Is 231019473 a composite number?
True
Is 5752895783 composite?
False
Is 71399617 a prime number?
False
Is 23935801273 a composite number?
True
Is 408028879 a composite number?
True
Is 5294987933 a composite number?
False
Is 2246094337 prime?
True
Is 4192550903 composite?
False
Is 39883619027 a prime number?
False
Is 478178237 a composite number?
False
Is 51807085717 prime?
False
Is 172444005209 composite?
True
Is 984247111 a composite number?
False
Is 4772937571 prime?
False
Is 2572308419 composite?
True
Is 1936729181 prime?
True
Is 3946250119 a prime number?
False
Is 12887396209 a composite number?
True
Is 1726432046 composite?
True
Is 196679568827 prime?
False
Is 97379185 prime?
False
Is 5550714077 a composite number?
True
Is 2438720497 prime?
False
Is 2446250431 a composite number?
True
Is 33475420627 a composite number?
True
Is 18014431859 composite?
False
Is 2657132209 a prime number?
True
Is 92488439 a composite number?
False
Is 38534152351 composite?
False
Is 22874255611 a composite number?
False
Is 975191629 a composite number?
True
Is 93692891 composite?
False
Is 17093841379 composite?
False
Is 98915081 a composite number?
True
Is 9264180197 composite?
False
Is 10001932415 prime?
False
Is 6718392833 composite?
False
Is 530379233 prime?
True
Is 398495477 a composite number?
True
Is 1945311653 a prime number?
True
Is 975917009 prime?
True
Is 4285071829 a composite number?
True
Is 8550239037 prime?
False
Is 278528766403 prime?
True
Is 129416202283 a prime number?
True
Is 43713251261 a composite number?
False
Is 1857026299 prime?
False
Is 2084741369 composite?
False
Is 1862953951 a composite number?
True
Is 63697430087 a prime number?
False
Is 9379422509 a composite number?
False
Is 56904552737 a composite number?
False
Is 4584851641 a composite number?
False
Is 31414037687 a prime number?
True
Is 5245879123 composite?
True
Is 183337039 a prime number?
False
Is 3482566201 a composite number?
False
Is 66771588731 composite?
False
Is 7749887783 a prime number?
False
Is 7556925469 prime?
True
Is 25790745139 composite?
False
Is 1055566627 prime?
True
Is 24340961 composite?
False
Is 47367791 a composite number?
False
Is 1504297771 prime?
False
Is 12991827659 a composite number?
True
Is 520300097 composite?
False
Is 861702367 prime?
False
Is 1106989817 prime?
True
Is 3243347381 composite?
True
Is 4116072361 composite?
False
Is 10695042233 prime?
True
Is 1727980874 composite?
True
Is 119338517 composite?
False
Is 953991399 a prime number?
False
Is 4926182083 composite?
False
Is 1529343287 a composite number?
False
Is 374681611 prime?
False
Is 2031007807 a composite number?
False
Is 26186929 prime?
False
Is 2748421453 composite?
True
Is 1959719061 a prime number?
False
Is 649888021 a composite number?
False
Is 457652093 composite?
False
Is 497808581 a composite number?
False
Is 10897401223 a prime number?
True
Is 5493613009 a prime number?
True
Is 16537545007 composite?
True
Is 1213492699 composite?
False
Is 11794241947 composite?
True
Is 2672787281 a composite number?
False
Is 4860722461 composite?
True
Is 463244939 a prime number?
True
Is 12993896849 prime?
False
Is 1293011903 a prime number?
False
Is 23178074573 a composite number?
False
Is 22127287141 a prime number?
True
Is 3938008667 a composite number?
False
Is 11349653501 a composite number?
False
Is 7125531407 prime?
True
Is 4368160969 a prime number?
True
Is 22346107099 prime?
False
Is 265854121 a prime number?
False
Is 70607007733 a prime number?
True
Is 7222979413 a prime number?
False
Is 125278129 composite?
False
Is 1703433131 composite?
False
Is 10427170801 prime?
True
Is 10917325493 prime?
True
Is 8668232359 composite?
False
Is 207871336921 a prime number?
False
Is 12086524759 a prime number?
True
Is 167308499999 prime?
False
Is 1279745009 composite?
False
Is 76795747043 composite?
True
Is 3642470993 a prime number?
False
Is 324703391 a composite number?
True
Is 89881999 a composite number?
True
Is 127378734127 prime?
True
Is 11113544789 a composite number?
False
Is 101227757 a prime number?
True
Is 1153271489 prime?
False
Is 657749953 a composite number?
True
Is 14944344031 a composite number?
True
Is 1290866581 prime?
True
Is 51377278211 composite?
True
Is 283204043 prime?
False
Is 50409991327 composite?
True
Is 16122946597 a prime number?
False
Is 4684273651 a composite number?
False
Is 1007808953 a composite number?
True
Is 2337300439 a composite number?
True
Is 1105072907 a prime number?
True
Is 15712918979 a prime number?
False
Is 14225281577 prime?
False
Is 23446686437 a prime number?
False
Is 3027218287 a composite number?
True
Is 15864395587 composite?
False
Is 12411756323 a composite number?
True
Is 441843329 composite?
False
Is 2003961247 composite?
True
Is 275090213 composite?
False
Is 183460861211 a prime number?
True
Is 22019699363 a prime number?
True
Is 2203759693 a composite number?
True
Is 10060270057 a prime number?
True
Is 4716617261 prime?
False
Is 154999699867 prime?
False
Is 4038670771 a composite number?
False
Is 9296492927 a prime number?
False
Is 200596537 prime?
True
Is 86175026449 a prime number?
True
Is 18724040863 prime?
False
Is 50976045337 a prime number?
False
Is 1382705458 a prime number?
False
Is 39898543811 prime?
False
Is 13420744193 composite?
True
Is 3635509669 composite?
True
Is 14706064091 composite?
False
Is 158073527 a prime number?
True
Is 172611692027 composite?
True
Is 149179039 a composite number?
False
Is 38882934991 prime?
False
Is 1237716041 composite?
False
Is 3148152359 prime?
False
Is 7068399346 a prime number?
False
Is 6177573421 a composite number?
False
Is 72301505557 prime?
False
Is 584391863 a prime number?
False
Is 302291179 prime?
False
Is 1317163921 a prime number?
False
Is 14839258783 a prime number?
False
Is 57820507 composite?
False
Is 1430993567 a prime number?
False
Is 5507111851 prime?
False
Is 60132269633 prime?
False
Is 1057791671 a composite number?
False
Is 1203778699 a prime number?
True
Is 625349869 composite?
True
Is 4720039 a prime number?
True
Is 216555698309 composite?
True
Is 237659914 a composite number?
True
Is 104452841 a prime number?
False
Is 33394562429 composite?
False
Is 2116876841 a prime number?
True
Is 2112796289 composite?
True
Is 12784011967 composite?
True
Is 22589923277 a composite number?
True
Is 4407818449 prime?
True
Is 23225583578 prime?
False
Is 11033568011 a prime number?
True
Is 1791047233 prime?
True
Is 52010693069 prime?
True
Is 136097629 a prime number?
False
Is 458541341 prime?
True
Is 155606959 composite?
False
Is 18653948837 a prime number?
False
Is 11128377787 a prime number?
False
Is 3424503337 prime?
True
Is 16227407429 prime?
True
Is 4668169727 a composite number?
True
Is 46084399727 composite?
False
Is 2550602851 composite?
True
Is 1138939909 composite?
False
Is 102883871 a composite number?
False
Is 120263924621 a composite number?
False
Is 6680270651 a composite number?
False
Is 2803241479 prime?
True
Is 41277805271 a prime number?
True
Is 9419462147 a prime number?
False
Is 991076477 composite?
True
Is 68377240879 composite?
True
Is 543490379 a composite number?
False
Is 96358621 a prime number?
False
Is 65893310997 prime?
False
Is 8402371933 composite?
False
Is 2573303329 a composite number?
True
Is 1012085231 prime?
True
Is 146319803933 a composite number?
False
Is 1245698269 a